{"id":155,"date":"2019-10-08T16:37:18","date_gmt":"2019-10-08T14:37:18","guid":{"rendered":"https:\/\/vonbulow.org\/verdensmaal\/?page_id=155"},"modified":"2019-12-06T13:27:42","modified_gmt":"2019-12-06T12:27:42","slug":"idebank","status":"publish","type":"page","link":"https:\/\/esgsoroe.dk\/verdensmaal\/idebank\/","title":{"rendered":"Id\u00e9bank"},"content":{"rendered":"<p>Her finder du en oversigt over de input og id\u00e9er, vi har f\u00e5et ind omkring verdensm\u00e5let.<br \/>\nVil du have flere input og id\u00e9er til de \u00f8vrige verdensm\u00e5l, kan du klikke p\u00e5 &#8221;Input &amp; Id\u00e9er&#8221; i menulinjen \u00f8verst.<\/p>\n","protected":false},"excerpt":{"rendered":"<p>Her finder du en oversigt over de input og id\u00e9er, vi har f\u00e5et ind omkring verdensm\u00e5let. Vil du have flere input og id\u00e9er til de \u00f8vrige verdensm\u00e5l, kan du klikke p\u00e5 &#8221;Input &amp; Id\u00e9er&#8221; i menulinjen \u00f8verst.<\/p>\n","protected":false},"author":1,"featured_media":0,"parent":0,"menu_order":7,"comment_status":"closed","ping_status":"closed","template":"page-idebank.php","meta":{"_acf_changed":false,"footnotes":""},"class_list":["post-155","page","type-page","status-publish","hentry"],"acf":[],"yoast_head":"<!-- This site is optimized with the Yoast SEO plugin v27.4 - https:\/\/yoast.com\/product\/yoast-seo-wordpress\/ -->\n<title>Id\u00e9bank - Verdensm\u00e5l<\/title>\n<meta name=\"robots\" content=\"noindex, nofollow\" \/>\n<meta property=\"og:locale\" content=\"da_DK\" \/>\n<meta property=\"og:type\" content=\"article\" \/>\n<meta property=\"og:title\" content=\"Id\u00e9bank - Verdensm\u00e5l\" \/>\n<meta property=\"og:description\" content=\"Her finder du en oversigt over de input og id\u00e9er, vi har f\u00e5et ind omkring verdensm\u00e5let. Vil du have flere input og id\u00e9er til de \u00f8vrige verdensm\u00e5l, kan du klikke p\u00e5 &#8221;Input &amp; Id\u00e9er&#8221; i menulinjen \u00f8verst.\" \/>\n<meta property=\"og:url\" content=\"https:\/\/esgsoroe.dk\/verdensmaal\/idebank\/\" \/>\n<meta property=\"og:site_name\" content=\"Verdensm\u00e5l\" \/>\n<meta property=\"article:modified_time\" content=\"2019-12-06T12:27:42+00:00\" \/>\n<meta name=\"twitter:card\" content=\"summary_large_image\" \/>\n<script type=\"application\/ld+json\" class=\"yoast-schema-graph\">{\"@context\":\"https:\\\/\\\/schema.org\",\"@graph\":[{\"@type\":\"WebPage\",\"@id\":\"https:\\\/\\\/esgsoroe.dk\\\/verdensmaal\\\/idebank\\\/\",\"url\":\"https:\\\/\\\/esgsoroe.dk\\\/verdensmaal\\\/idebank\\\/\",\"name\":\"Id\u00e9bank - Verdensm\u00e5l\",\"isPartOf\":{\"@id\":\"https:\\\/\\\/esgsoroe.dk\\\/verdensmaal\\\/#website\"},\"datePublished\":\"2019-10-08T14:37:18+00:00\",\"dateModified\":\"2019-12-06T12:27:42+00:00\",\"breadcrumb\":{\"@id\":\"https:\\\/\\\/esgsoroe.dk\\\/verdensmaal\\\/idebank\\\/#breadcrumb\"},\"inLanguage\":\"da-DK\",\"potentialAction\":[{\"@type\":\"ReadAction\",\"target\":[\"https:\\\/\\\/esgsoroe.dk\\\/verdensmaal\\\/idebank\\\/\"]}]},{\"@type\":\"BreadcrumbList\",\"@id\":\"https:\\\/\\\/esgsoroe.dk\\\/verdensmaal\\\/idebank\\\/#breadcrumb\",\"itemListElement\":[{\"@type\":\"ListItem\",\"position\":1,\"name\":\"Hjem\",\"item\":\"https:\\\/\\\/esgsoroe.dk\\\/verdensmaal\\\/\"},{\"@type\":\"ListItem\",\"position\":2,\"name\":\"Id\u00e9bank\"}]},{\"@type\":\"WebSite\",\"@id\":\"https:\\\/\\\/esgsoroe.dk\\\/verdensmaal\\\/#website\",\"url\":\"https:\\\/\\\/esgsoroe.dk\\\/verdensmaal\\\/\",\"name\":\"Verdensm\u00e5l\",\"description\":\"- for b\u00e6redygtig udvikling\",\"potentialAction\":[{\"@type\":\"SearchAction\",\"target\":{\"@type\":\"EntryPoint\",\"urlTemplate\":\"https:\\\/\\\/esgsoroe.dk\\\/verdensmaal\\\/?s={search_term_string}\"},\"query-input\":{\"@type\":\"PropertyValueSpecification\",\"valueRequired\":true,\"valueName\":\"search_term_string\"}}],\"inLanguage\":\"da-DK\"}]}<\/script>\n<!-- \/ Yoast SEO plugin. -->","yoast_head_json":{"title":"Id\u00e9bank - Verdensm\u00e5l","robots":{"index":"noindex","follow":"nofollow"},"og_locale":"da_DK","og_type":"article","og_title":"Id\u00e9bank - Verdensm\u00e5l","og_description":"Her finder du en oversigt over de input og id\u00e9er, vi har f\u00e5et ind omkring verdensm\u00e5let. Vil du have flere input og id\u00e9er til de \u00f8vrige verdensm\u00e5l, kan du klikke p\u00e5 &#8221;Input &amp; Id\u00e9er&#8221; i menulinjen \u00f8verst.","og_url":"https:\/\/esgsoroe.dk\/verdensmaal\/idebank\/","og_site_name":"Verdensm\u00e5l","article_modified_time":"2019-12-06T12:27:42+00:00","twitter_card":"summary_large_image","schema":{"@context":"https:\/\/schema.org","@graph":[{"@type":"WebPage","@id":"https:\/\/esgsoroe.dk\/verdensmaal\/idebank\/","url":"https:\/\/esgsoroe.dk\/verdensmaal\/idebank\/","name":"Id\u00e9bank - Verdensm\u00e5l","isPartOf":{"@id":"https:\/\/esgsoroe.dk\/verdensmaal\/#website"},"datePublished":"2019-10-08T14:37:18+00:00","dateModified":"2019-12-06T12:27:42+00:00","breadcrumb":{"@id":"https:\/\/esgsoroe.dk\/verdensmaal\/idebank\/#breadcrumb"},"inLanguage":"da-DK","potentialAction":[{"@type":"ReadAction","target":["https:\/\/esgsoroe.dk\/verdensmaal\/idebank\/"]}]},{"@type":"BreadcrumbList","@id":"https:\/\/esgsoroe.dk\/verdensmaal\/idebank\/#breadcrumb","itemListElement":[{"@type":"ListItem","position":1,"name":"Hjem","item":"https:\/\/esgsoroe.dk\/verdensmaal\/"},{"@type":"ListItem","position":2,"name":"Id\u00e9bank"}]},{"@type":"WebSite","@id":"https:\/\/esgsoroe.dk\/verdensmaal\/#website","url":"https:\/\/esgsoroe.dk\/verdensmaal\/","name":"Verdensm\u00e5l","description":"- for b\u00e6redygtig udvikling","potentialAction":[{"@type":"SearchAction","target":{"@type":"EntryPoint","urlTemplate":"https:\/\/esgsoroe.dk\/verdensmaal\/?s={search_term_string}"},"query-input":{"@type":"PropertyValueSpecification","valueRequired":true,"valueName":"search_term_string"}}],"inLanguage":"da-DK"}]}},"_links":{"self":[{"href":"https:\/\/esgsoroe.dk\/verdensmaal\/wp-json\/wp\/v2\/pages\/155","targetHints":{"allow":["GET"]}}],"collection":[{"href":"https:\/\/esgsoroe.dk\/verdensmaal\/wp-json\/wp\/v2\/pages"}],"about":[{"href":"https:\/\/esgsoroe.dk\/verdensmaal\/wp-json\/wp\/v2\/types\/page"}],"author":[{"embeddable":true,"href":"https:\/\/esgsoroe.dk\/verdensmaal\/wp-json\/wp\/v2\/users\/1"}],"replies":[{"embeddable":true,"href":"https:\/\/esgsoroe.dk\/verdensmaal\/wp-json\/wp\/v2\/comments?post=155"}],"version-history":[{"count":5,"href":"https:\/\/esgsoroe.dk\/verdensmaal\/wp-json\/wp\/v2\/pages\/155\/revisions"}],"predecessor-version":[{"id":538,"href":"https:\/\/esgsoroe.dk\/verdensmaal\/wp-json\/wp\/v2\/pages\/155\/revisions\/538"}],"wp:attachment":[{"href":"https:\/\/esgsoroe.dk\/verdensmaal\/wp-json\/wp\/v2\/media?parent=155"}],"curies":[{"name":"wp","href":"https:\/\/api.w.org\/{rel}","templated":true}]}}